1 - 643*o + 2*o**2 + o**3. Determine p(s).
-5
Let y(p) = p**2 + 63*p + 241. Let g be y(-4). Let i(j) = -5*j**2 - 16*j - 16. Let r(h) = h**2 + 4*h + 4. Let q(o) = 2*i(o) + 9*r(o). Determine q(g).
-1
Let f(b) = 2*b**2 + b. Let l(j) = 5*j - 25. Let m be l(9). Let k be 1*(-5 + m/5). Calculate f(k).
1
Let m be (-8 - -4) + 28/4. Let j(r) be the first derivative of r - r**2 - 9 + 7/3*r**m. Calculate j(1).
6
Let t(h) be the second derivative of -h**4/12 - 5*h**2/2 + 23*h. Suppose 4*f - 8*f = 0. What is t(f)?
-5
Suppose 0 = 3*x + 3, 2*r + 3*x + 3 = -4. Let i(a) = a**2 + 2*a + 3. Determine i(r).
3
Let i(y) = y**2 + 0*y**2 - y - y**3 + 3*y**2 + 1. Suppose 0 = 2*p + 43 - 55. Suppose 3 = -r + p. Give i(r).
7
Let j(r) = -r - 6. Let o(a) = a**3 + 12*a**2 - 45*a - 7. Let c be o(-15). What is j(c)?
1
Let s(q) = -q**3 - 4*q**2 - 2. Suppose 0*i = -4*i - z + 98, -3*i = 3*z - 78. Suppose p - i = 7*p. Determine s(p).
-2
Suppose 0 = 4*s + 1 - 5. Let u = 3 - s. Let p be 4*(-2)/(-4) + u. Let o(l) = l**3 - 4*l**2 - l + 4. Calculate o(p).
0
Let h(b) be the first derivative of -b**3/3 + 3*b**2/2 - 3*b + 101. Let k(q) = -q**2 + 6*q + 2. Let r be k(6). Give h(r).
-1
Let o be (-4)/(-6)*27/2. Suppose -5*s + 6 = -o. Suppose s*r = 2 - 11. Let j(m) = -m**3 - m**2 + 4*m + 3. What is j(r)?
9
Let s(k) = k**3 + 2. Let h(v) = -7*v**3 - 5*v**2 + 5*v - 24. Let f(i) = h(i) + 6*s(i). What is f(-6)?
-6
Let i(y) = 4*y - 14. Let u(a) = -3*a**2 - 8*a + 8. Let b be u(1). Let m(o) = 2*o - 7. Let d(x) = b*i(x) + 5*m(x). Give d(6).
-5
Let i be 4/34 - 5397/357. Let k(s) = s**3 + 15*s**2 - s - 15. Calculate k(i).
0
Let f(n) = -n**2 + 5*n - 5. Let k be f(4). Let g be (27/(-36))/(k/(-8)). Let t(b) = b**3 - 5 + b + 1 + 6*b**2 + 4. Give t(g).
-6
Suppose -4*b - 3*j - 28 = b, -3*b + 2*j = 32. Let d(h) = -21*h - 3. Let y(i) = -32*i - 5. Let f(x) = b*d(x) + 5*y(x). Give f(2).
15
Let z(f) = -f**3 - f**2 + f - 2. Let n(b) = -11*b**2 + 2*b**3 - 3*b**3 - 7*b**2 - 17*b + 0*b. Let h be n(-17). Suppose h = -4*s - 0*s. Calculate z(s).
-2
Suppose 4*c = -f + 9*c + 2, -3*f + 5*c - 4 = 0. Let r(m) be the first derivative of m**4/4 + 5*m**3/3 + 5*m**2/2 + 4*m + 305. What is r(f)?
7
Let f(n) = -6*n**3 - 17*n**2 - 4*n + 21. Let b(i) = -7*i**3 - 18*i**2 - i + 22. Let x(w) = -5*b(w) + 6*f(w). Give x(-10).
6
Let p = 192 + -109. Let j(n) = 1 + 0 - p*n + 78*n. Determine j(2).
-9
Let o(n) be the first derivative of 7/2*n**2 - 25 + 2*n. Give o(-2).
-12
Let o(b) = -6*b**2 + 2*b + 6. Suppose 3*d - 4*j - 82 = -73, -3*j = -5*d + 15. What is o(d)?
-42
Let z(o) = -2*o**2 + 22*o - 5. Suppose 0 = -3*w - 3, 21*k - 5*w = 17*k + 49. Determine z(k).
-5
Suppose 0*i - 12 = -2*i. Let y = -3 + i. Let s(q) = -3*q**2 - q**3 + 5*q**2 + 12*q + 2 - 9*q. What is s(y)?
2
Let d(s) = 4*s + 3. Let q be 112/49 + (-4)/14. Let w be (-32)/(-2) - (-3 + 3). Suppose 2*z + q*z = -w. Calculate d(z).
-13
Let h(w) = -w**3 - 7*w**2 - 7*w - 2. Let o(g) be the first derivative of 13/2*g**2 + 16*g - 7 + 1/3*g**3. Let m be o(-11). Calculate h(m).
4
Let k(y) = -11 + 19*y + 15*y - 42*y. Let h be k(-2). Let w(j) = -j**2 + 6. Give w(h).
-19
Let g(p) = -2*p**2 + 6*p + 19. Let x be g(6). Let c(r) = 21*r**3 - r + 1. Let s be c(1). Let k = s + x. Let h(f) = -f**3 + 3*f**2 + 1. Determine h(k).
-15
Let o(g) = -g**3 - 5*g**2 + 6*g - 1. Let m = -3 - -30. Let s(d) = d + 20. Let i be s(-17). Suppose m = -5*y - i. What is o(y)?
-1
Suppose -3*u + n + 43 = -22, -u + 17 = 2*n. Suppose 3*x + 9 = u. Let c(f) be the first derivative of -f**3/3 + 7*f**2/2 - 4*f - 40. Determine c(x).
8
Suppose -3*r = j + 85, 4 + 12 = 4*r. Let p = -99 - j. Let l(z) = 5*z + 1. Give l(p).
-9
Let b be 4/3*(-5)/((-20)/9). Let u(d) = -1 - 6*d + 4*d**2 + d + 7*d**3 - 6*d**b. Give u(-5).
-1
Let g(o) = 2*o**3 + 5*o**2 - 3*o + 4. Suppose 6*f = 76*f + 280. Determine g(f).
-32
Suppose 4*m = 8 - 4. Let p(n) be the first derivative of -11*n**3/3 + n**2 - n - 9. Give p(m).
-10
Let w(z) = 4*z + 15. Suppose 33 - 43 = 2*g, -22 = 2*a + 2*g. Calculate w(a).
-9
Let m(k) = -k**2 - 791 + 787 - 5*k + 2*k + 3*k**2. Determine m(-3).
23
Let u = -4 + 41. Let n = u - 32. Let i(t) = t - 4. Let s be i(n). Let y(r) = 8*r**3 - 1. Calculate y(s).
7
Let i(j) = j**2 - 8*j + 4. Let u = -48 + 55. Let k(p) = p - 1. Let r be k(u). Determine i(r).
-8
Let j(k) be the first derivative of k**4/4 - k**2 + 10*k - 522. Determine j(0).
10
Let d(p) = p + 1 - 2*p + 0*p. Suppose -90 = -4*g + 2*r, 0*g - 5*r + 75 = 2*g. Let f = g - 26. Calculate d(f).
2
Suppose 56 = -4*q + 8*q + 3*c, -3*q + 45 = 3*c. Let n(d) = -21*d + d**2 + 18*d + 13 - q*d. Determine n(13).
0
Let m(o) = o**3 + o**2 - 5*o + 6. Let s be (-8)/44 - (-456)/209. Determine m(s).
8
Let s(o) be the third derivative of o**4/24 - 3*o**3 - 3*o**2. Let b be s(20). Let h(r) = 0 - r**3 - 5*r**2 + b + 0 + 4*r**2 + 5*r. Determine h(-3).
5
Let n(u) = 9*u**2 - 3. Let f be n(3). Let l = f + -72. Let r(m) = -2*m**2 + 10*m - 8. Determine r(l).
-20
Suppose 2*f + 0*h = -h + 8, 5*h + 14 = -f. Let u(n) = -2*n - 1. Give u(f).
-13
Let m be (-6)/(-24) - 731/(-68). Let q(l) be the third derivative of 0*l + 1/8*l**4 - m*l**2 + 0 - 2/3*l**3. What is q(-4)?
-16
Let x(c) = 8*c**2 - 4*c + 2. Let u(m) = 7*m**2 - 5*m + 2. Let l(a) = 7*u(a) - 6*x(a). What is l(12)?
14
Let i be 7/3 + (-8)/(-12). Suppose -u - 4 = -2*g, g = -3*u - i - 2. Let l(o) = -o**3 - o**2 + o + 1. Determine l(u).
3
Suppose 3*z - 21 + 9 = 0. Let i(q) = 4*q + q**2 - z + 5 - 3 - 5*q. Let y(t) = t**2 + 3*t - 2. Let k be y(-4). Determine i(k).
0
Let y be (8 - 5 - -3) + -4. Let k(h) be the second derivative of -y*h - h**2 + 1/12*h**4 - 2/3*h**3 + 0. Calculate k(4).
-2
Let q(z) = -z**2 - 3*z + 7. Let d(s) = 3*s**2 + 11*s + 10. Let f be d(-3). What is q(f)?
-21
Let f(o) = 7*o + 1. Suppose -2*l - 316 = 2*w, 5*l = 2*w - 257 - 561. Let b = -164 - l. Calculate f(b).
-13
Let r = -4641 - -4641. Let x(s) = -s + 0 - 1 - s**2 + 4. Give x(r).
3
Let x(a) = -1. Let s(l) = 6*l - 2. Let d(p) = s(p) - 3*x(p). Suppose -34*v + 99*v + 15 = 275. What is d(v)?
25
Let c(w) = w**3 + w**2 - w - 1. Let y(f) = 4*f**3 - 2*f + 1. Let d be y(1). Suppose -d*n = -9 - 3. Suppose 3*p - n = -z - 8, p = -z - 2. Determine c(p).
0
Let q(u) be the third derivative of -u**4/24 - u**3 + 90*u**2. Give q(6).
-12
Let u(s) be the second derivative of s**4/6 + s**3/2 + 6*s**2 + 15*s. Let j(p) be the first derivative of u(p). Calculate j(-2).
-5
Let q(t) = -t**3 - 2*t**2 + 2*t. Suppose 12 = -3*c, 4*s + 5*c - 2*c = 32. Let d = s + -9. Let p be (11 - 12) + d*-1. What is q(p)?
3
Let z(v) = v**3 + 4*v**2 + 2*v + 1. Let c be (6 + -7)/((-3)/(-9)). Let g be z(c). Let f(m) = g*m - 2*m + 0*m - m + 2*m**3 + m**2. Calculate f(-1).
-2
Let o(u) be the second derivative of 0 + 1/2*u**2 + 1/12*u**4 - u**3 + 32*u. Determine o(5).
-4
Let a(v) = v**2 + 16*v - 12. Let w be a(-17). Suppose 21 = w*b + 4*q, -b + 3*q = q - 7. Let r(n) = n**3 - 6*n**2 + 3*n + 2. Determine r(b).
-8
Let x = -19 + 5. Let l = -14 - x. Let w be -2 + -1 - l/13. Let d(v) = v**3 + 3*v**2 + v + 1. Give d(w).
-2
Let r(k) = k**2 - k - 6. Let i be r(-3). Let m = -11 + i. Let z(g) be the first derivative of -3*g**2/2 - 7*g + 2. Determine z(m).
8
Let s(m) be the first derivative of -m**2 + 18*m - 87. Give s(8).
2
Let v be 236/10 - 18/30. Let p(k) be the first derivative of k**2 - v*k + 22*k + 6 + 0. Give p(-5).
-11
Let a(g) be the second derivative of 1/20*g**5 + 0 - 1/2*g**4 + 7*g - g**3 + 0*g**2. What is a(7)?
7
Let m(c) be the third derivative of c**6/720 + c**5/15 + 19*c**4/24 + 2*c**2. Let x(f) be the second derivative of m(f). What is x(0)?
8
Let z = 34 - 41. Let d(v) be the third derivative of -v**5/60 - 7*v**4/24 + v**3/2 + 7*v**2. Give d(z).
3
Let x(m) be the second derivative of -2*m**3 + m**2/2 - m + 25. Give x(-1).
13
Let j(p) = -3*p - 3. Let l be j(-2). Let z = -15 + 17. Let c(d) = -104 + 102 + 4*d - 3*d**3 + 3*d**z + 2*d**3. What is c(l)?
10
Let f(c) = -7709*c**2 + 3856*c**2 + 3857*c**2 + 1. Calculate f(-1).
5
Let x(w) = 6*w**3 + 22*w**2 + 6*w + 2. Let n(m) = -5*m**3 - 20*m**2 - 7*m - 3. Let l(k) = 5*n(k) + 4*x(k). Calculate l(-11).
-7
Let z(k) = -k**2 - 4*k + 1. Let j be z(-2). Suppose -4*h = 5*y, -2*h + j*h = 5*y. Let l(p) = -p + 10. Give l(y).
10
Let l(p) be the first derivative of -p**3/3 + p**2 - 4*p + 1. Let k be l(3). Let c(b) = 2 + 42*b